{"id":72,"date":"2022-06-30T11:00:09","date_gmt":"2022-06-30T14:00:09","guid":{"rendered":"https:\/\/diferencialonline.com.br\/?page_id=72"},"modified":"2022-06-30T11:00:17","modified_gmt":"2022-06-30T14:00:17","slug":"empresa","status":"publish","type":"page","link":"https:\/\/diferencialonline.com.br\/index.php\/empresa\/","title":{"rendered":"Empresa"},"content":{"rendered":"<p>[et_pb_section fb_built=&#8221;1&#8243; _builder_version=&#8221;4.17.4&#8243; _module_preset=&#8221;default&#8221; background_color=&#8221;#007cba&#8221; custom_margin=&#8221;-57px|-148px||-132px||&#8221; global_colors_info=&#8221;{}&#8221; theme_builder_area=&#8221;post_content&#8221;][et_pb_row _builder_version=&#8221;4.17.4&#8243; _module_preset=&#8221;default&#8221; global_colors_info=&#8221;{}&#8221; theme_builder_area=&#8221;post_content&#8221;][et_pb_column type=&#8221;4_4&#8243; _builder_version=&#8221;4.17.4&#8243; _module_preset=&#8221;default&#8221; global_colors_info=&#8221;{}&#8221; theme_builder_area=&#8221;post_content&#8221;][et_pb_text _builder_version=&#8221;4.17.4&#8243; _module_preset=&#8221;default&#8221; header_font=&#8221;Lato|900|||||||&#8221; header_text_color=&#8221;#FFFFFF&#8221; header_font_size=&#8221;38px&#8221; header_text_shadow_style=&#8221;preset1&#8243; global_colors_info=&#8221;{}&#8221; theme_builder_area=&#8221;post_content&#8221;]<\/p>\n<h1>Empresa<\/h1>\n<p>[\/et_pb_text][\/et_pb_column][\/et_pb_row][\/et_pb_section][et_pb_section fb_built=&#8221;1&#8243; _builder_version=&#8221;4.17.4&#8243; _module_preset=&#8221;default&#8221; global_colors_info=&#8221;{}&#8221; theme_builder_area=&#8221;post_content&#8221;][et_pb_row _builder_version=&#8221;4.17.4&#8243; _module_preset=&#8221;default&#8221; global_colors_info=&#8221;{}&#8221; theme_builder_area=&#8221;post_content&#8221;][et_pb_column type=&#8221;4_4&#8243; _builder_version=&#8221;4.17.4&#8243; _module_preset=&#8221;default&#8221; global_colors_info=&#8221;{}&#8221; theme_builder_area=&#8221;post_content&#8221;][et_pb_text _builder_version=&#8221;4.17.4&#8243; _module_preset=&#8221;default&#8221; global_colors_info=&#8221;{}&#8221; theme_builder_area=&#8221;post_content&#8221;]<\/p>\n<p>Diferencial \u2013 Assessoria e Consultoria Cont\u00e1bil \u00e9 uma empresa que atua na presta\u00e7\u00e3o de servi\u00e7os cont\u00e1beis para os mais diversos segmentos e organiza\u00e7\u00f5es como a industrial, a comercial e prestadoras de servi\u00e7os otimizando e buscando solu\u00e7\u00f5es adequadas onde a pontualidade, qualidade, efici\u00eancia e resultado \u00e9 a base de nossos servi\u00e7os em prol doS clientes DIFERENCIAL.<\/p>\n<p>Formada por profissionais com larga experi\u00eancia no mercado e, em especial, no tocante ao ramo de m\u00e1quinas e equipamentos que goza de incentivos fiscais como redu\u00e7\u00e3o de sua tributa\u00e7\u00e3o do ICMS no ato da sa\u00edda de suas mercadorias e produtos e ainda, como aproveitar os cr\u00e9ditos com pagamentos deste imposto antecipado, diferencial de al\u00edquotas, ect\u2026<br \/>Na atual conjuntura de alta carga tribut\u00e1ria, sua meta principal \u00e9 buscar formas, dentro da legisla\u00e7\u00e3o vigente, para uma menor tributa\u00e7\u00e3o de seus clientes dentro de seus direitos e RESTITUIR, se for o caso, impostos recolhidos a maior ou indevidamente mediante: Aplica\u00e7\u00e3o de testes nos c\u00e1lculos e crit\u00e9rios adotados na apura\u00e7\u00e3o e recolhimento dos seguintes impostos e contribui\u00e7\u00f5es nos \u00faltimos 05 (cinco) anos; Irpj \u2013 Csll \u2013 Icms \u2013 Pis \u2013 Cofins \u2013 Inss \u2013 Fgts \u2013 Ipi etc\u2026<\/p>\n<p>Revis\u00e3o dos aspectos relacionados ao preenchimento da declara\u00e7\u00e3o do imposto de renda dos \u00faltimos 05 (cinco) anos. Verifica\u00e7\u00e3o de poss\u00edveis aspectos que possam revelar possibilidades de economia tribut\u00e1ria para a empresa. Verifica\u00e7\u00e3o de poss\u00edveis crit\u00e9rios que possam expor a empresa a questionamentos fiscais.<\/p>\n<p>[\/et_pb_text][\/et_pb_column][\/et_pb_row][\/et_pb_section]<\/p>\n","protected":false},"excerpt":{"rendered":"<p>EmpresaDiferencial \u2013 Assessoria e Consultoria Cont\u00e1bil \u00e9 uma empresa que atua na presta\u00e7\u00e3o de servi\u00e7os cont\u00e1beis para os mais diversos segmentos e organiza\u00e7\u00f5es como a industrial, a comercial e prestadoras de servi\u00e7os otimizando e buscando solu\u00e7\u00f5es adequadas onde a pontualidade, qualidade, efici\u00eancia e resultado \u00e9 a base de nossos servi\u00e7os em prol doS clientes DIFERENCIAL. [&hellip;]<\/p>\n","protected":false},"author":1,"featured_media":0,"parent":0,"menu_order":0,"comment_status":"closed","ping_status":"closed","template":"","meta":{"_et_pb_use_builder":"on","_et_pb_old_content":"","_et_gb_content_width":"","footnotes":""},"class_list":["post-72","page","type-page","status-publish","hentry"],"_links":{"self":[{"href":"https:\/\/diferencialonline.com.br\/index.php\/wp-json\/wp\/v2\/pages\/72","targetHints":{"allow":["GET"]}}],"collection":[{"href":"https:\/\/diferencialonline.com.br\/index.php\/wp-json\/wp\/v2\/pages"}],"about":[{"href":"https:\/\/diferencialonline.com.br\/index.php\/wp-json\/wp\/v2\/types\/page"}],"author":[{"embeddable":true,"href":"https:\/\/diferencialonline.com.br\/index.php\/wp-json\/wp\/v2\/users\/1"}],"replies":[{"embeddable":true,"href":"https:\/\/diferencialonline.com.br\/index.php\/wp-json\/wp\/v2\/comments?post=72"}],"version-history":[{"count":2,"href":"https:\/\/diferencialonline.com.br\/index.php\/wp-json\/wp\/v2\/pages\/72\/revisions"}],"predecessor-version":[{"id":74,"href":"https:\/\/diferencialonline.com.br\/index.php\/wp-json\/wp\/v2\/pages\/72\/revisions\/74"}],"wp:attachment":[{"href":"https:\/\/diferencialonline.com.br\/index.php\/wp-json\/wp\/v2\/media?parent=72"}],"curies":[{"name":"wp","href":"https:\/\/api.w.org\/{rel}","templated":true}]}}